
Is 4140463363 a prime number?
True
Is 1186946309 a prime number?
True
Is 18171678349 a prime number?
False
Is 320637813673 a prime number?
True
Is 86227777 a prime number?
False
Is 4853690197 a composite number?
True
Is 1166848994 prime?
False
Is 169389740729 a composite number?
True
Is 287259063929 a prime number?
True
Is 2011274191 a composite number?
True
Is 2536011983 a composite number?
True
Is 270735613 a composite number?
False
Is 7437576469 a composite number?
True
Is 64737400697 a prime number?
True
Is 49627554551 a composite number?
False
Is 2807953501 prime?
True
Is 21882336745 a prime number?
False
Is 1970984327 composite?
True
Is 4070079863 prime?
False
Is 2193721567 a composite number?
True
Is 123995051 a composite number?
False
Is 827875837 a composite number?
False
Is 977521693 composite?
True
Is 6778334939 a prime number?
False
Is 4077093923 prime?
False
Is 809359141 a composite number?
True
Is 23796542299 prime?
True
Is 703039871 a prime number?
True
Is 44058343793 prime?
True
Is 9571082881 composite?
True
Is 1460729311 a prime number?
False
Is 6479744893 composite?
True
Is 758780051 composite?
True
Is 438804307 composite?
True
Is 1550678411 a prime number?
False
Is 1588567321 a prime number?
False
Is 3714261919 a composite number?
False
Is 537926509 a composite number?
False
Is 1225695917 prime?
False
Is 4638106355 a prime number?
False
Is 941185097 composite?
False
Is 155433587809 composite?
False
Is 29962786261 a composite number?
False
Is 264214739 prime?
False
Is 4907195387 a composite number?
False
Is 33861246353 prime?
False
Is 1377863209 prime?
False
Is 2754751121 a prime number?
False
Is 1622334079 prime?
False
Is 2331883139 composite?
True
Is 757529599 composite?
False
Is 364989497 composite?
True
Is 5320948049 a prime number?
False
Is 11051256649 composite?
False
Is 38760229 prime?
True
Is 145923419 composite?
False
Is 109868039 prime?
True
Is 290711591 a composite number?
True
Is 38755907 composite?
False
Is 543777823 a composite number?
False
Is 5892333313 composite?
False
Is 703926241 a composite number?
False
Is 39636361013 a prime number?
True
Is 65181203 composite?
False
Is 773898197 a composite number?
False
Is 13758800747 a prime number?
True
Is 1580219827 prime?
False
Is 305473305559 prime?
True
Is 13275949411 prime?
False
Is 1198230919 prime?
False
Is 167313691 composite?
False
Is 34073976863 a prime number?
False
Is 2903210077 prime?
False
Is 253610641 composite?
True
Is 53797470267 a composite number?
True
Is 92104669 a composite number?
False
Is 118800518357 composite?
False
Is 8244789643 a composite number?
True
Is 7756228837 prime?
False
Is 147670909 composite?
False
Is 33180430709 a prime number?
True
Is 2421576007 prime?
False
Is 146828703209 a prime number?
True
Is 24135198257 composite?
False
Is 9247166843 a composite number?
False
Is 3486832411 prime?
True
Is 188039249 a composite number?
False
Is 4012488353 prime?
True
Is 35872027 a prime number?
True
Is 17682843151 composite?
False
Is 13454587009 a composite number?
True
Is 25538222887 composite?
False
Is 181118901233 a prime number?
False
Is 4541433097 prime?
True
Is 1880954561 a composite number?
False
Is 25406690557 composite?
True
Is 145602923 prime?
True
Is 78764091503 a prime number?
True
Is 2985944453 composite?
False
Is 11114711 a composite number?
False
Is 16546433 a prime number?
False
Is 294653935 a prime number?
False
Is 7262510909 prime?
True
Is 21807104389 a composite number?
True
Is 438378043 a prime number?
False
Is 381804263 prime?
True
Is 13757944595 prime?
False
Is 1873751599 a prime number?
True
Is 364556741 a composite number?
False
Is 228617617 composite?
True
Is 4375058501 a prime number?
False
Is 157462147 composite?
False
Is 67839931541 prime?
True
Is 3769730961 a prime number?
False
Is 18877275607 a prime number?
True
Is 497302073083 prime?
True
Is 660865823 a composite number?
True
Is 1758770843 a prime number?
True
Is 2379705007 prime?
False
Is 1020254117 a prime number?
False
Is 27972383861 a prime number?
True
Is 16372840389 prime?
False
Is 2435972269 composite?
False
Is 1565844274 a composite number?
True
Is 338252821 prime?
False
Is 1305659633 a composite number?
True
Is 18294361507 a composite number?
True
Is 1741045721 a prime number?
False
Is 14884230121 composite?
True
Is 16594352233 a prime number?
False
Is 187099067 a composite number?
True
Is 3161406641 prime?
False
Is 32068580993 a prime number?
True
Is 1517344307 a composite number?
False
Is 19299859727 composite?
False
Is 27709920709 composite?
False
Is 2374734319 prime?
False
Is 82666121513 prime?
True
Is 6077163887 a prime number?
True
Is 140802481 composite?
True
Is 94741359 composite?
True
Is 1991123 prime?
True
Is 5249482879 a prime number?
False
Is 43270172003 a composite number?
False
Is 2587046977 composite?
False
Is 416193451 a composite number?
False
Is 5623280293 prime?
False
Is 128376583 composite?
False
Is 7431790997 composite?
False
Is 278245740379 a prime number?
False
Is 14577319349 a prime number?
True
Is 2011158353 prime?
True
Is 93110987 a prime number?
True
Is 26073001 prime?
False
Is 2143481651 prime?
True
Is 22048694674 a prime number?
False
Is 15336292541 prime?
False
Is 50842933 a composite number?
False
Is 29944266197 a prime number?
True
Is 2699486659 a prime number?
False
Is 2475530927 a prime number?
False
Is 11049786229 a composite number?
True
Is 3000329279 a composite number?
False
Is 43047023255 prime?
False
Is 1899721181 a composite number?
True
Is 2762656271 composite?
False
Is 4493405221 a prime number?
True
Is 3785973931 composite?
True
Is 11927960237 a prime number?
False
Is 55481633 a prime number?
True
Is 4587023645 prime?
False
Is 12944117971 prime?
True
Is 1551314681 composite?
True
Is 695327197 a prime number?
False
Is 18201313261 a prime number?
False
Is 25459580221 prime?
False
Is 477934193 a prime number?
False
Is 3404552863 a prime number?
True
Is 12380319781 a composite number?
False
Is 8596078177 composite?
True
Is 33663457871 a composite number?
False
Is 22971088303 a composite number?
False
Is 303129821 prime?
True
Is 606885451 composite?
True
Is 27541319173 a composite number?
False
Is 3653800053 a prime number?
False
Is 37629171521 a prime number?
True
Is 53069972987 a prime number?
False
Is 1546795763 a composite number?
False
Is 13901901887 a composite number?
True
Is 75010331 prime?
False
Is 6928698079 a prime number?
True
Is 3457041067 prime?
False
Is 91136892019 a composite number?
False
Is 6223392403 composite?
False
Is 59372532089 composite?
True
Is 13673087941 composite?
True
Is 116737716091 a composite number?
False
Is 6422315113 composite?
False
Is 188101457 a prime number?
True
Is 30010778873 composite?
False
Is 50827966219 a prime number?
True
Is 23472736901 composite?
True
Is 45302449691 a prime number?
True
Is 2211201401 prime?
True
Is 154629599 a composite number?
False
Is 1172322929 composite?
True
Is 3343356967 a composite number?
False
Is 61776039991 a prime number?
False
Is 1791267859 a composite number?
True
Is 2440890091 a prime number?
True
Is 34846979 a composite number?
True
Is 612725579 a composite number?
True
Is 382545389 a composite number?
False
Is 209920681 prime?
False
Is 1955609989 a composite number?
True
Is 374768477 a prime number?
False
Is 1229442259 prime?
True
Is 1795042987 a composite number?
False
Is 17682242299 composite?
False
Is 41799815326 composite?
True
Is 2006733493 a composite number?
False
Is 104801200013 composite?
False
Is 15511093901 a prime number?
False
Is 2522552131 a composite number?
True
Is 133270856066 a composite number?
True
Is 248056881187 a prime number?
False
Is 3012300127 a prime number?
True
Is 13366840987 composite?
False
Is 22450358183 composite?
True
Is 2944468147 prime?
True
Is 102198737621 composite?
True
Is 1803831031 prime?
False
Is 3145738321 a prime number?
False
Is 366977447 prime?
False
Is 647445611 composite?
False
Is 1113790234 a composite number?
True
Is 944222311 prime?
False
Is 2798353123 composite?
False
Is 35900037337 a composite number?
True
Is 2367413974 prime?
False
Is 86271613 a prime number?
True
Is 68850801959 a prime number?
True
Is 4406955901 a prime number?
True
Is 406632169 a composite number?
False
Is 